{"id":13,"date":"2021-06-09T08:08:31","date_gmt":"2021-06-09T08:08:31","guid":{"rendered":"http:\/\/pmydetf.cluster028.hosting.ovh.net\/?page_id=13"},"modified":"2021-06-09T08:23:43","modified_gmt":"2021-06-09T08:23:43","slug":"home","status":"publish","type":"page","link":"https:\/\/sportexpertit.fi\/","title":{"rendered":"Home"},"content":{"rendered":"\n<p>Sport Expertit Oy on Lahteen rekister\u00f6ity urheilutapahtumien yhteydess\u00e4 olevien oheispalveluiden ja matkojen tuottaja.<\/p>\n\n\n\n<p>Yhti\u00f6st\u00e4mme l\u00f6ytyy vavaa osaamista ja kokemusta niin urheilu-, kuljetus kuin matkatuotannon osalta.<\/p>\n\n\n\n<p>Yhti\u00f6 toimii n\u00e4iden palveluiden ja matkojen tuottajana ja toimeksiantajana. Toimimme osittain itsen\u00e4isesti ja osittain k\u00e4ytt\u00e4en alihankkijoita, kuten mm. laivayhti\u00f6it\u00e4, majoitusalan yhti\u00f6it\u00e4 jne.<\/p>\n\n\n\n<p>Kuluttajaviraston matkapakettilain mukaisissa matkoissa on ilmoitettu aina ko. matkan kohdalla vastuullinen tekninen matkanj\u00e4rjest\u00e4j\u00e4.<\/p>\n","protected":false},"excerpt":{"rendered":"<p>Sport Expertit Oy on Lahteen rekister\u00f6ity urheilutapahtumien yhteydess\u00e4 olevien oheispalveluiden ja matkojen tuottaja. Yhti\u00f6st\u00e4mme l\u00f6ytyy vavaa osaamista ja kokemusta niin urheilu-, kuljetus kuin matkatuotannon osalta. Yhti\u00f6 toimii n\u00e4iden palveluiden ja matkojen tuottajana ja toimeksiantajana. Toimimme osittain itsen\u00e4isesti ja osittain k\u00e4ytt\u00e4en alihankkijoita, kuten mm. laivayhti\u00f6it\u00e4, majoitusalan yhti\u00f6it\u00e4 jne. Kuluttajaviraston matkapakettilain mukaisissa [&hellip;]<\/p>\n","protected":false},"author":1,"featured_media":23,"parent":0,"menu_order":0,"comment_status":"closed","ping_status":"closed","template":"","meta":{"footnotes":""},"class_list":["post-13","page","type-page","status-publish","has-post-thumbnail","hentry"],"jetpack_sharing_enabled":true,"_links":{"self":[{"href":"https:\/\/sportexpertit.fi\/index.php\/wp-json\/wp\/v2\/pages\/13","targetHints":{"allow":["GET"]}}],"collection":[{"href":"https:\/\/sportexpertit.fi\/index.php\/wp-json\/wp\/v2\/pages"}],"about":[{"href":"https:\/\/sportexpertit.fi\/index.php\/wp-json\/wp\/v2\/types\/page"}],"author":[{"embeddable":true,"href":"https:\/\/sportexpertit.fi\/index.php\/wp-json\/wp\/v2\/users\/1"}],"replies":[{"embeddable":true,"href":"https:\/\/sportexpertit.fi\/index.php\/wp-json\/wp\/v2\/comments?post=13"}],"version-history":[{"count":3,"href":"https:\/\/sportexpertit.fi\/index.php\/wp-json\/wp\/v2\/pages\/13\/revisions"}],"predecessor-version":[{"id":38,"href":"https:\/\/sportexpertit.fi\/index.php\/wp-json\/wp\/v2\/pages\/13\/revisions\/38"}],"wp:featuredmedia":[{"embeddable":true,"href":"https:\/\/sportexpertit.fi\/index.php\/wp-json\/wp\/v2\/media\/23"}],"wp:attachment":[{"href":"https:\/\/sportexpertit.fi\/index.php\/wp-json\/wp\/v2\/media?parent=13"}],"curies":[{"name":"wp","href":"https:\/\/api.w.org\/{rel}","templated":true}]}}